{"id":474,"date":"2025-01-22T15:30:32","date_gmt":"2025-01-22T15:30:32","guid":{"rendered":"https:\/\/icormarbcopia.duckdns.org\/?post_type=product&#038;p=474"},"modified":"2025-01-24T09:05:07","modified_gmt":"2025-01-24T09:05:07","slug":"prada","status":"publish","type":"product","link":"https:\/\/icormarbcopia.duckdns.org\/?product=prada","title":{"rendered":"Adidas Superstar x Prada"},"content":{"rendered":"<p>Adidas Superstar x Prada dise\u00f1adas en Mil\u00e1n en 2020 mediante la colaboraci\u00f3n entre la marca alemana y la italiana.<\/p>\n","protected":false},"excerpt":{"rendered":"<p>Adidas Superstar x Prada. TALLA \u00daNICA 46.<\/p>\n","protected":false},"featured_media":493,"comment_status":"open","ping_status":"closed","template":"","meta":{"saved_in_kubio":false},"product_brand":[],"product_cat":[47],"product_tag":[],"class_list":{"0":"post-474","1":"product","2":"type-product","3":"status-publish","4":"has-post-thumbnail","6":"product_cat-adidas","8":"first","9":"instock","10":"sale","11":"taxable","12":"shipping-taxable","13":"purchasable","14":"product-type-simple"},"_links":{"self":[{"href":"https:\/\/icormarbcopia.duckdns.org\/index.php?rest_route=\/wp\/v2\/product\/474","targetHints":{"allow":["GET"]}}],"collection":[{"href":"https:\/\/icormarbcopia.duckdns.org\/index.php?rest_route=\/wp\/v2\/product"}],"about":[{"href":"https:\/\/icormarbcopia.duckdns.org\/index.php?rest_route=\/wp\/v2\/types\/product"}],"replies":[{"embeddable":true,"href":"https:\/\/icormarbcopia.duckdns.org\/index.php?rest_route=%2Fwp%2Fv2%2Fcomments&post=474"}],"wp:featuredmedia":[{"embeddable":true,"href":"https:\/\/icormarbcopia.duckdns.org\/index.php?rest_route=\/wp\/v2\/media\/493"}],"wp:attachment":[{"href":"https:\/\/icormarbcopia.duckdns.org\/index.php?rest_route=%2Fwp%2Fv2%2Fmedia&parent=474"}],"wp:term":[{"taxonomy":"product_brand","embeddable":true,"href":"https:\/\/icormarbcopia.duckdns.org\/index.php?rest_route=%2Fwp%2Fv2%2Fproduct_brand&post=474"},{"taxonomy":"product_cat","embeddable":true,"href":"https:\/\/icormarbcopia.duckdns.org\/index.php?rest_route=%2Fwp%2Fv2%2Fproduct_cat&post=474"},{"taxonomy":"product_tag","embeddable":true,"href":"https:\/\/icormarbcopia.duckdns.org\/index.php?rest_route=%2Fwp%2Fv2%2Fproduct_tag&post=474"}],"curies":[{"name":"wp","href":"https:\/\/api.w.org\/{rel}","templated":true}]}}